1a
What is 4 (base 9) in base 4?
10
Convert 41 (base 8) to base 4.
201
7 (base 11) to base 2
111
-5 (base 7) to base 10
-5
Convert 1f (base 16) to base 10.
31
Convert -2 (base 4) to base 13.
-2
Convert -19 (base 10) to base 12.
-17
Convert -4 (base 15) to base 2.
-100
What is -2122 (base 3) in base 9?
-78
1 (base 5) to base 13
1
Convert -1 (base 12) to base 16.
-1
Convert 1 (base 9) to base 2.
1
Convert -201 (base 11) to base 6.
-1043
Convert 10 (base 14) to base 4.
32
54 (base 12) to base 14
48
What is -5 (base 14) in base 10?
-5
Convert -22 (base 9) to base 3.
-202
What is 243 (base 6) in base 3?
10200
Convert -3 (base 14) to base 9.
-3
3 (base 12) to base 11
3
What is 10 (base 7) in base 16?
7
Convert -33 (base 4) to base 13.
-12
What is -1515 (base 6) in base 9?
-502
-120 (base 4) to base 3
-220
-8 (base 16) to base 12
-8
14 (base 5) to base 12
9
What is -13 (base 6) in base 14?
-9
1 (base 5) to base 7
1
Convert -3 (base 12) to base 9.
-3
10 (base 5) to base 15
5
Convert -2 (base 7) to base 8.
-2
What is 0 (base 12) in base 8?
0
Convert -15 (base 12) to base 14.
-13
-2 (base 14) to base 8
-2
-3 (base 16) to base 15
-3
Convert 129 (base 12) to base 7.
342
2 (base 4) to base 6
2
-143 (base 12) to base 13
-120
What is e (base 15) in base 16?
e
Convert 68 (base 15) to base 2.
1100010
What is 100 (base 2) in base 6?
4
Convert -2 (base 8) to base 10.
-2
-3 (base 4) to base 16
-3
What is 1000 (base 4) in base 7?
121
Convert -8 (base 15) to base 12.
-8
Convert -7d (base 16) to base 7.
-236
21 (base 5) to base 14
b
Convert -3 (base 6) to base 9.
-3
0 (base 15) to base 2
0
Convert 232 (base 8) to base 6.
414
What is -22122 (base 3) in base 14?
-129
Convert 1c (base 14) to base 16.
1a
Convert 1101000 (base 2) to base 7.
206
What is 0 (base 13) in base 14?
0
What is 2 (base 8) in base 13?
2
-7 (base 10) to base 8
-7
Convert -ae (base 16) to base 11.
-149
Convert -1 (base 9) to base 14.
-1
Convert 508 (base 9) to base 16.
19d
-13 (base 5) to base 8
-10
-94 (base 14) to base 2
-10000010
What is -3 (base 13) in base 12?
-3
-15 (base 15) to base 5
-40
What is 182 (base 10) in base 4?
2312
What is -c (base 13) in base 8?
-14
66 (base 15) to base 11
88
What is 2 (base 14) in base 4?
2
What is 3 (base 13) in base 12?
3
Convert -48 (base 10) to base 16.
-30
What is 100 (base 6) in base 9?
40
Convert 1 (base 3) to base 9.
1
-10 (base 7) to base 13
-7
-11 (base 4) to base 10
-5
8a (base 16) to base 8
212
3 (base 7) to base 15
3
Convert 331 (base 11) to base 14.
205
What is 5 (base 9) in base 7?
5
Convert -26 (base 9) to base 7.
-33
-129 (base 16) to base 7
-603
What is 110 (base 3) in base 2?
1100
Convert -2b (base 13) to base 16.
-25
Convert -1c (base 14) to base 2.
-11010
Convert 1 (base 11) to base 10.
1
Convert -42 (base 14) to base 11.
-53
Convert -6 (base 10) to base 8.
-6
What is 5 (base 6) in base 16?
5
What is 3 (base 13) in base 8?
3
What is -1131 (base 4) in base 5?
-333
-20 (base 12) to base 8
-30
Convert -6 (base 8) to base 9.
-6
-100010 (base 2) to base 10
-34
What is -2 (base 8) in base 5?
-2
What is 2 (base 8) in base 15?
2
Convert -1 (base 15) to base 5.
-1
What is 3 (base 16) in base 12?
3
Convert -142 (base 10) to base 7.
-262
Convert 19b (base 13) to base 9.
360
Convert 5 (base 9) to base 5.
10
What is -17 (base 9) in base 3?
-121
What is -4 (base 11) in base 2?
-100
Convert 10 (base 7) to base 13.
7
Convert -33 (base 5) to base 4.
-102
What is 58 (base 14) in base 12?
66
Convert 0 (base 8) to base 2.
0
What is 10 (base 2) in base 16?
2
What is -10101 (base 2) in base 12?
-19
What is 2 (base 4) in base 12?
2
0 (base 11) to base 5
0
Convert -13 (base 8) to base 16.
-b
9a (base 14) to base 7
253
Convert -13 (base 4) to base 8.
-7
What is -157 (base 9) in base 6?
-341
Convert 301 (base 4) to base 10.
49
Convert -12b (base 13) to base 9.
-248
Convert 2302 (base 4) to base 12.
12a
26 (base 12) to base 5
110
Convert 7 (base 10) to base 5.
12
What is 1 (base 15) in base 5?
1
Convert 7 (base 11) to base 9.
7
What is -2 (base 9) in base 2?
-10
Convert 4 (base 9) to base 7.
4
Convert -20 (base 3) to base 15.
-6
-14 (base 14) to base 11
-17
What is a (base 11) in base 2?
1010
Convert -5 (base 15) to base 11.
-5
Convert -11101 (base 2) to base 9.
-32
Convert -1101110 (base 2) to base 16.
-6e
What is -3 (base 9) in base 11?
-3
-11 (base 2) to base 6
-3
What is 4 (base 6) in base 15?
4
What is -10 (base 2) in base 9?
-2
Convert -14a (base 11) to base 13.
-106
What is -115 (base 6) in base 11?
-43
3 (base 10) to base 15
3
What is -1d (base 14) in base 3?
-1000
4 (base 12) to base 9
4
What is 15 (base 7) in base 8?
14
What is -1a (base 11) in base 9?
-23
Convert 203 (base 4) to base 14.
27
What is 2 (base 9) in base 10?
2
What is -4 (base 7) in base 10?
-4
103 (base 8) to base 14
4b
What is -21 (base 5) in base 14?
-b
2a (base 14) to base 9
42
Convert -11 (base 3) to base 4.
-10
Convert 121 (base 9) to base 2.
1100100
Convert 2 (base 10) to base 5.
2
138 (base 9) to base 10
116
Convert -13a (base 13) to base 4.
-3122
-3 (base 15) to base 4
-3
Convert 1 (base 8) to base 2.
1
-33 (base 8) to base 10
-27
Convert -13 (base 14) to base 2.
-10001
Convert -22 (base 16) to base 3.
-1021
What is 23 (base 6) in base 12?
13
What is 2 (base 8) in base 13?
2
10 (base 9) to base 7
12
What is -116 (base 7) in base 16?
-3e
-31 (base 10) to base 16
-1f
-8 (base 11) to base 12
-8
Convert -1 (base 14) to base 2.
-1
-c (base 14) to base 13
-c
Convert 5 (base 15) to base 2.
101
-10002 (base 3) to base 9
-102
Convert 132 (base 8) to base 4.
1122
What is 3 (base 7) in base 13?
3
What is -5a (base 14) in base 7?
-143
-3 (base 15) to base 11
-3
-9 (base 14) to base 9
-10
-1 (base 6) to base 3
-1
-64 (base 11) to base 16
-46
Convert 1 (base 4) to base 7.
1
What is -6 (base 10) in base 2?
-110
Convert 6 (base 8) to base 13.
6
Convert 20002 (base 3) to base 11.
13a
2111 (base 3) to base 2
1000011
What is -3 (base 4) in base 16?
-3
24 (base 7) to base 5
33
1 (base 15) to base 7
1
What is 33 (base 14) in base 9?
50
What is 2 (base 3) in base 12?
2
What is -210 (base 3) in base 9?
-23
-4 (base 16) to base 10
-4
-189 (base 14) to base 2
-100111101
What is 23 (base 14) in base 15?
21
3 (base 6) to base 5
3
-51 (base 8) to base 7
-56
What is 27 (base 8) in base 15?
18
52 (base 8) to base 4
222
What is 7 (base 10) in base 5?
12
What is 4 (base 15) in base 9?
4
What is 1 (base 14) in base 3?
1
What is 303 (base 4) in base 2?
110011
1 (base 15) to base 16
1
-7 (base 10) to base 6
-11
Convert -111 (base 3) to base 4.
-31
-404 (base 6) to base 8
-224
-21 (base 6) to base 10
-13
Convert 0 (base 5) to base 9.
0
What is -111011 (base 2) in base 7?
-113
Convert 3 (base 15) to base 4.
3
Convert -346 (base 10) to base 6.
-1334
Convert c (base 16) to base 14.
c
What is -2 (base 9) in base 8?
-2
0 (base 12) to base 7
0
-211 (base 6) to base 14
-59
Convert 78 (base 12) to base 9.
112
Convert -4 (base 13) to base 3.
-11
What is 6 (base 7) in base 13?
6
Convert -2 (base 3) to base 11.
-2
Convert 1 (base 4) to base 7.
1
Convert -49 (base 12) to base 14.
-41
27 (base 16) to base 14
2b
-149 (base 11) to base 8
-256
Convert 3 (base 6) to base 2.
11
-c (base 14) to base 8
-14
-23 (base 14) to base 10
-31
2 (base 5) to base 8
2
What is 8d (base 16) in base 3?
12020
3 (base 15) to base 11
3
-27 (base 8) to base 16
-17
What is 7 (base 9) in base 16?
7
Convert 73 (base 8) to base 4.
323
What is -47 (base 8) in base 10?
-39
Convert 171 (base 10) to base 12.
123
Convert 0 (base 7) to base 8.
0
What is -1011 (base 3) in base 14?
-23
-14 (base 9) to base 11
-12
Convert 1 (base 15) to base 9.
1
Convert -22 (base 6) to base 16.
-e
Convert 4 (base 16) to base 3.
11
-1 (base 14) to base 11
-1
Convert -13 (base 6) to base 10.
-9
What is 5 (base 15) in base 10?
5
What is 107 (base 11) in base 9?
152
-5 (base 12) to base 11
-5
What is 1 (base 8) in base 2?
1
8b (base 15) to base 7
245
What is -7 (base 16) in base 11?
-7
What is 6 (base 14) in base 16?
6
What is -1242 (base 5) in base 6?
-525
2 (base 16) to base 15
2
Convert 10011 (base 2) to base 11.
18
-5 (base 9) to base 5
-10
Convert a (base 14) to base 4.
22
Convert 21 (base 10) to base 7.
30
25 (base 14) to base 5
113
What is 143 (base 7) in base 4?
1100
-35 (base 1